 5*b**2 - 16*b - 12. Let l(n) = n**3 + 3*n**2 - 2*n - 3. Calculate the remainder when l(3) is divided by s(-1).
9
Let t(d) = -25*d + 1801. Calculate the remainder when 209 is divided by t(69).
57
Suppose 0 = 2*n - 2*b - 49 - 83, -2*n + 135 = b. What is the remainder when 419 is divided by n?
17
Calculate the remainder when 705 is divided by (91 - 1) + (-13 - -9)/(-4).
68
Let v = -12073 - -12085. Let x = 1 - -1. Suppose 140 + 93 = x*u - c, -4*c = -4*u + 464. Calculate the remainder when u is divided by v.
9
Let o = -302 - -678. Calculate the remainder when o is divided by (-8)/256*-8 - (-502)/8.
61
Let i(j) = 3*j**2 + 9*j - 15. Let u be i(-4). What is the remainder when 71 is divided by 114/(-24)*(-5 + u)?
33
Let y = 97 + -94. Suppose 4*x - x + y*a = 0, 3*x - 28 = 4*a. Suppose -o + x = -1. Calculate the remainder when o is divided by 5.
0
Let a be 4/(-14) + (-192)/(-84). Let k(t) = 3*t**a - 3*t + t + 4 + 19. What is the remainder when 85 is divided by k(0)?
16
Suppose 11*a = 3*m + 14*a + 435, -3*m + 4*a = 407. Let l = -109 - m. Calculate the remainder when 89 is divided by l.
25
Calculate the remainder when 13 is divided by 50/175 - 102/14 - -15.
5
Suppose -5*u + 60 = -c - 4*c, 3*u - 4*c - 31 = 0. Let l(r) = 20*r + 1302. Calculate the remainder when u is divided by l(-65).
1
Let q(n) = -4*n - 16*n - 4*n. What is the remainder when -69*(-165)/60 + 2/(-8)*-1 is divided by q(-2)?
46
Suppose 8*p = 26 + 6. Suppose 4*l = s + 18, -s = p*l - 0 - 22. Suppose -4*x - 20 = 0, 2*x - 6*x - 174 = -s*h. What is the remainder when h is divided by 20?
17
Calculate the remainder when 297 is divided by 37983/132 - (-6 - (-27)/4).
10
Let f be 5/(-2)*84/(-105). Suppose -f*g = -7*g + 325. What is the remainder when g is divided by 17?
14
Suppose 3*x - 36 = y + 133, -284 = -5*x + 4*y. Calculate the remainder when 165 is divided by x.
53
Let c = -13378 + 14411. Calculate the remainder when c is divided by 58.
47
Let f = -4330 + 4444. Calculate the remainder when f is divided by 25.
14
Let i = -7225 - -7764. Calculate the remainder when i is divided by 44.
11
Let y be (-4)/(-1) + 152/(-38). Suppose y = 2*p - 5*i - 189, -12*i - 187 = -2*p - 9*i. What is the remainder when p is divided by 16?
12
Suppose 2*i + 130 = 12*i. Calculate the remainder when (-6*152/12)/(-1 + 0) is divided by i.
11
Let t(b) = 8*b - 51. Let v(c) = 6*c - 34. Let y(n) = 5*t(n) - 7*v(n). Calculate the remainder when 54 is divided by y(-14).
10
Suppose -17*h - 52*h + 138 = 0. Suppose -4*t - 39 = -4*x + 145, 0 = 2*x + h*t - 108. Calculate the remainder when 244 is divided by x.
44
Let d(b) = 4*b + 8. Let m(q) = 4*q + 9. Let i(x) = 5*d(x) - 4*m(x). Calculate the remainder when ((-313)/(-939))/(1/213) is divided by i(8).
35
Let m = -246 + 180. What is the remainder when (-3 + 135/6)*(-1628)/m is divided by 27?
22
Let i = -130 - -199. Calculate the remainder when i is divided by 28 + ((-8)/6 + 1)/(576/6912).
21
Let t = 51 - 47. Suppose -11*p + t = 4. What is the remainder when 11 is divided by 20/12*(1 - p - -2)?
1
Suppose 1219 = -12*t + 4699. What is the remainder when 7535 is divided by t?
285
Let s = -18211 + 18980. Calculate the remainder when s is divided by 192.
1
Suppose 0 = 87*f - 79*f - 352. Suppose -g + 33 - 6 = 0. What is the remainder when f is divided by g?
17
Let n be -3*6/(36/(-10)). Suppose 2*p + y + 131 = 390, -n*y + 15 = 0. Suppose 3*a - p = -a. What is the remainder when a is divided by 11?
10
Suppose -3*x - 9 = 0, -x = -3*g - 2*g + 463. Suppose 0 = -31*o + 27*o + 420. Let m = o + -89. What is the remainder when g is divided by m?
12
Suppose 13*z + 32 = 17*z. Let f be ((-156)/z)/(1/2). Let r = f - -56. What is the remainder when 22 is divided by r?
5
Suppose -4*i + 16 = 0, 3*g + 4*i = 6*i + 22. What is the remainder when 963 is divided by g?
3
Calculate the remainder when (29*(-2)/4)/(4 + 123/(-30)) is divided by 74.
71
Suppose m = -0*m + l + 8, 5*m - 3*l - 42 = 0. Suppose 198 = m*g - 0*g. What is the remainder when 109 is divided by g?
21
Suppose l + 6*u = 467, 5*u = -l + 742 - 270. Calculate the remainder when l is divided by 229.
39
Suppose 145 = 4*q + 5*p, 16*q - p = 21*q - 176. Suppose 0 = 5*n - 5*y - 55, 4*n = 5*n + 3*y - 23. Calculate the remainder when q is divided by n.
7
Let o(a) = 367*a**3 - 9*a**2 + 4*a - 2. What is the remainder when o(1) is divided by 350?
10
Let i = 301 + -297. Suppose 0 = s + 4*l - 120, 9 = 4*s - i*l - 411. What is the remainder when s is divided by 37?
34
Suppose -2*y = 2*c + 434, -y + 3*c - 211 = 6*c. What is the remainder when y/5*3/(-4) is divided by 4/((-20)/(-95))*1?
14
Suppose -42*h + 26*h = -112. Calculate the remainder when ((-12)/(-15))/(4/50) is divided by h.
3
Let f = -25 + 248. What is the remainder when f is divided by 65?
28
What is the remainder when 416 is divided by 105/21 + 1*(-4)/(-8)*230?
56
Let w be (-8)/(-7) + (-5)/35 - 7. Let x = 7 - w. Calculate the remainder when 70 is divided by (-2)/x - (-5640)/156.
34
Suppose -3*g + 176 = h, 78 + 174 = 4*g - 3*h. Suppose 0 = 5*z + 2*v - g, -11*v = z - 8*v - 12. What is the remainder when 60/2*8/12 is divided by z?
8
Suppose 3*k + 5*q + 0*q = 124, -5*k + 3*q + 218 = 0. Let l(n) = n**3 - 43*n**2 + 4*n + 33. What is the remainder when l(k) is divided by 8?
5
Suppose -10 = -5*g + 10*g, 0 = 3*c - 5*g - 19. Suppose 4*m + c*z = 3*m + 60, z = 4*m - 188. What is the remainder when 382 is divided by m?
46
Suppose 22*k = -4*k + 52. Calculate the remainder when 133 is divided by 5 - -23 - k - -8.
31
Suppose -163*i + 167*i = 12004. Suppose -i - 3539 = -20*j. Calculate the remainder when j is divided by 30.
27
Suppose 580*n - 143 = 569*n. Calculate the remainder when 698 is divided by n.
9
Suppose -329*u = -b - 331*u + 126, -4*b - 2*u = -486. What is the remainder when 134 is divided by b?
14
Let k(g) = -2*g**3 - g**2 + 30*g + 28. Calculate the remainder when 52 is divided by k(-4).
12
Let l = -2404 + 2465. Let i = 66 + -59. Calculate the remainder when l is divided by i.
5
Suppose 16850 = 83*u - 30377. Calculate the remainder when 1146 is divided by u.
8
Let i(x) = -27*x**3 + x**2 + x + 1. Suppose 0 = 4*g + 8 - 4. Let t = 99 - -9. What is the remainder when t is divided by i(g)?
24
Suppose 675*m - 409*m = 4256. Calculate the remainder when 875/14 - (-1)/2 is divided by m.
15
Suppose 158 = 2*t + 10. Let h = t + -47. What is the remainder when h is divided by 8?
3
Let c(j) = 7*j**2 - 3*j + 6. What is the remainder when c(-6) is divided by 4/(-3) - (-436)/12?
31
Let n = 105 - 101. Suppose -n*y + q + 35 = -24, -3*y + 3*q = -42. What is the remainder when y is divided by 13?
2
Let q = -1041 + 2947. Calculate the remainder when q is divided by 83.
80
Let o be ((-4)/1 + -5)*-1. Suppose o*g + 2*r = 7*g + 144, -g + 3*r = -64. Calculate the remainder when g is divided by 25.
20
Let m(i) = i**3 - 6*i**2 + 3*i + 3. Suppose -4*u - 3*a = -124, -5*u + 2*a = -80 - 98. Calculate the remainder when u is divided by m(6).
13
What is the remainder when (-408)/(-153) - (-6654)/9 is divided by 41?
4
Suppose -1763 = -5*d + 1827. Suppose 5*r + 0*n = -4*n + d, 3*n + 593 = 4*r. What is the remainder when r is divided by 25?
21
Let b be 4/(-10) - 52736/160. Let m = 402 + b. What is the remainder when m is divided by (-3)/3*(-50)/2?
22
Suppose -4*o = -3*o - 9. Let w(y) = 3 - 9*y + 24*y - o*y - 10*y. Calculate the remainder when 41 is divided by w(-2).
8
Let g = 3500 + -3487. Suppose 0 = -2*l + 6 + 4. Suppose -l*h + 3*z + 117 + 72 = 0, -4*z = 3*h - 96. Calculate the remainder when h is divided by g.
10
Let b(k) = 20*k - 1. Let m(w) be the first derivative of w**4/4 + 19*w**3/3 + 18*w**2 + 41*w - 92. What is the remainder when b(1) is divided by m(-17)?
5
Let p be ((-4)/4)/((-8)/(-1272)*3). Suppose 104 = -4*y + 388. Let b = y + p. Calculate the remainder when 107 is divided by b.
17
Suppose 4*i - 108 = -2*f, -i = -3*f - 3*i + 142. Calculate the remainder when f is divided by (3 - 15) + ((-30)/6 - -27).
4
Suppose 2*u + 3 - 1 = -4*c, 2 = 3*u + c. Suppose 12*n - 8*n = -n + 95. Calculate the remainder when n is divided by u.
0
Suppose 40*g + 8726 = 4*j + 38*g, -6*j + 13077 = g. What is the remainder when j is divided by 310?
10
Let y = -1572 - -1080. Let f = y + 819. Calculate the remainder when f is divided by 82.
81
Let c = 80 - 74. 